{"id":11,"date":"2019-05-09T19:45:44","date_gmt":"2019-05-09T17:45:44","guid":{"rendered":"http:\/\/amap-en-joue.site\/?page_id=11"},"modified":"2021-09-08T14:03:30","modified_gmt":"2021-09-08T12:03:30","slug":"les-adhesions","status":"publish","type":"page","link":"https:\/\/amap-en-joue.site\/?page_id=11","title":{"rendered":"Les Adh\u00e9sions"},"content":{"rendered":"\n<h2>Une AMAP, qu\u2019est-ce que c\u2019est :<\/h2>\n\n\n\n<p>Les AMAP &#8211; Associations pour le maintien d&rsquo;une agriculture paysanne &#8211; sont destin\u00e9es \u00e0 favoriser l&rsquo;agriculture paysanne et biologique qui a du mal \u00e0 subsister face \u00e0 l&rsquo;agro-industrie. Le principe est de cr\u00e9er un lien direct entre paysans et consommateurs, qui s&rsquo;engagent \u00e0 acheter la production de celui-ci \u00e0 un prix \u00e9quitable et en payant par avance. Le prix pay\u00e9 par le consommateur revient int\u00e9gralement au producteur.<br>Les consommateurs sont les b\u00e9n\u00e9voles de l\u2019association, chacun contribue au bon d\u00e9roulement de l\u2019association en tenant les permanences, en devenant r\u00e9f\u00e9rant produits etc\u2026 Les \u00ab amapiens \u00bb peuvent proposer leurs aides manuelles aux producteurs, plantation de l\u00e9gumes, ramassage, etc\u2026 des journ\u00e9es riches d\u2019\u00e9changes et de bonne humeur\u2026<\/p>\n\n\n\n<h2>Comment cela marche ?<\/h2>\n\n\n\n<p>Vous adh\u00e9rez \u00e0 l\u2019association. Cotisation annuelle : 15 euros (d\u00e9gressif en cours d\u2019ann\u00e9e). Vous recevez les contrats, vous planifiez vos commandes, vous faites vos ch\u00e8ques (en plusieurs fois) qui sont encaiss\u00e9s au fur et \u00e0 mesure.<br>Vous venez tous les vendredis, entre 18h30 et 19h30, r\u00e9cup\u00e9rer vos produits avec la liste de vos commandes.<br>Vous donnez un peu de temps pour les permanences, commandes etc\u2026<br>Vous pouvez devenir r\u00e9f\u00e9rant produit, un lien privil\u00e9gi\u00e9 avec le producteur. L\u2019Amap privil\u00e9gie le lien entre producteurs et consommateurs, mais aussi la qualit\u00e9 du produit, le bien-\u00eatre des animaux &#8230;<br>Elle fait vivre les producteurs, les campagnes avoisinantes, en cr\u00e9ant des emplois, en faisant vivre des familles, dans un mod\u00e8le \u00e9conomique diff\u00e9rent, Voil\u00e0 la philosophie d&rsquo;une AMAP.<br>Le producteur, connaissant ses consommateurs \u00e0 l\u2019avance, anticipe ses plantations, ses produits. Il \u00e9vite les pertes, les d\u00e9penses inutiles. Il peut de plus pr\u00e9voir sa tr\u00e9sorerie et faciliter ses investissements.<br>Toujours dans une d\u00e9marche de protection de l\u2019environnement et des consommateurs, l\u2019agriculture Bio exclut pesticides, antibiotiques, fongicides etc\u2026 Certains producteurs peuvent \u00eatre dans cette d\u00e9marche, sans pour autant \u00eatre encore labellis\u00e9s.<\/p>\n\n\n\n<h2>Vous souhaitez nous rejoindre ?<\/h2>\n\n\n\n<p>Contactez nous par mail :<\/p>\n\n\n\n<p class=\"has-text-color\" style=\"color:#ebefff\"><strong>amapenjoue37@gmail.com<\/strong><\/p>\n","protected":false},"excerpt":{"rendered":"<p>Une AMAP, qu\u2019est-ce que c\u2019est : Les AMAP &#8211; Associations pour le maintien d&rsquo;une agriculture paysanne &#8211; sont destin\u00e9es \u00e0 favoriser l&rsquo;agriculture paysanne et biologique qui a du mal \u00e0 subsister face \u00e0 l&rsquo;agro-industrie. Le principe est de cr\u00e9er un lien direct entre paysans et consommateurs, qui s&rsquo;engagent \u00e0 acheter la production de celui-ci \u00e0&hellip;<\/p>\n","protected":false},"author":1,"featured_media":0,"parent":0,"menu_order":0,"comment_status":"closed","ping_status":"closed","template":"","meta":[],"_links":{"self":[{"href":"https:\/\/amap-en-joue.site\/index.php?rest_route=\/wp\/v2\/pages\/11"}],"collection":[{"href":"https:\/\/amap-en-joue.site\/index.php?rest_route=\/wp\/v2\/pages"}],"about":[{"href":"https:\/\/amap-en-joue.site\/index.php?rest_route=\/wp\/v2\/types\/page"}],"author":[{"embeddable":true,"href":"https:\/\/amap-en-joue.site\/index.php?rest_route=\/wp\/v2\/users\/1"}],"replies":[{"embeddable":true,"href":"https:\/\/amap-en-joue.site\/index.php?rest_route=%2Fwp%2Fv2%2Fcomments&post=11"}],"version-history":[{"count":9,"href":"https:\/\/amap-en-joue.site\/index.php?rest_route=\/wp\/v2\/pages\/11\/revisions"}],"predecessor-version":[{"id":349,"href":"https:\/\/amap-en-joue.site\/index.php?rest_route=\/wp\/v2\/pages\/11\/revisions\/349"}],"wp:attachment":[{"href":"https:\/\/amap-en-joue.site\/index.php?rest_route=%2Fwp%2Fv2%2Fmedia&parent=11"}],"curies":[{"name":"wp","href":"https:\/\/api.w.org\/{rel}","templated":true}]}}